 k = -2 - n. Suppose 0 = 5*x - k + 5, -l + 3*x = -20. List the prime factors of l.
29
Let z = -2530 - -6427. List the prime factors of z.
3, 433
Suppose 3*o + 0*o - 51 = -3*h, -4 = -2*h + 4*o. List the prime factors of (7*(-8)/h)/((-2)/87).
7, 29
What are the prime factors of (-2 + 495 - 2) + 4 + -1?
2, 13, 19
Let c(v) = -3*v**2 - 8*v + 4. Let z(a) = 7*a**2 + 16*a - 8. Let m(f) = -15*c(f) - 6*z(f). List the prime factors of m(-12).
2, 3, 11
Let m(x) = -x - 4. Let k be m(-4). Suppose -f + 5*z = 9, k*f = 3*f + z + 11. Let i = f + 12. List the prime factors of i.
2
Suppose 0 = -37*v + 50*v - 42367. What are the prime factors of v?
3259
Suppose -2*n + 6 = u, -3*n + 0*n + 15 = 3*u. Suppose 0 = -3*c + 5*c - u. Suppose s - 2*i + i = c, 0 = i. List the prime factors of s.
2
Let p = 20 + -17. Suppose p*u - 2*u - 148 = 0. List the prime factors of u.
2, 37
Suppose -23 = 3*t - 50. Let n be t/18*(-8)/(-1). Suppose 0 = 2*v - n, d - 23 - 11 = 5*v. List the prime factors of d.
2, 11
Let n(u) = 35*u + 13. Let f(o) = 420*o + 155. Let m(r) = 3*f(r) - 35*n(r). List the prime factors of m(4).
2, 3, 5
Let i = -18 + 21. Let u be (8/(-10))/(i/(-75)). Suppose 4*y + 2*v - 20 = 3*v, v - u = -4*y. List the prime factors of y.
5
Let d(a) = 4*a**2 - a + 1. Let v be d(2). Let b be 20/(-30)*v/(-2). Suppose -b*p - 6 = -176. List the prime factors of p.
2, 17
Let h = 3 - 1. Let w = h + 0. Suppose -27 + w = -5*q. What are the prime factors of q?
5
Suppose -514 = -s + 4*k, 5*k + 8 - 23 = 0. What are the prime factors of s?
2, 263
Let y(c) = 11*c**2 - 31*c - 12. What are the prime factors of y(-5)?
2, 11, 19
Let d = -60 + 34. Let b be 24/11 + d/143. Suppose b*h - 3 = 5. What are the prime factors of h?
2
Suppose -2*i - y - 1 = 1, -3*i = -5*y + 29. Let t be i - 3/(-1) - 2. List the prime factors of t - 1 - (-9 + 3).
3
Let j(c) = -3*c**3 - 3*c**2 + 63*c - 24. What are the prime factors of j(-10)?
2, 3, 11, 31
Let n = -1 - -5. Let h be (n/2)/(-4)*-4. Suppose -5*v + 247 - 11 = -u, 232 = 5*v - h*u. What are the prime factors of v?
2, 3
Suppose -1312*k - 2365 = -1317*k. What are the prime factors of k?
11, 43
Suppose 2*s - 4885 = -15*u + 12*u, 5*u - 8143 = -4*s. List the prime factors of u.
1627
List the prime factors of ((-6)/(-90)*10)/(4/282).
47
Let c(s) = -12*s + 89. What are the prime factors of c(6)?
17
Let s(q) = -3*q**3 - 2*q**2 - 2*q - 1. Let x be s(-1). What are the prime factors of x/(-9) + (-1988)/(-36)?
5, 11
List the prime factors of 54/(-15)*2450/(-20).
3, 7
Let f(h) = -141*h + 292. List the prime factors of f(-5).
997
Suppose -9*s + 8 = -19. Let x = -3 + 3. Suppose 4*f + 5*b - 49 = x, -s = 2*f + 2*b - 5*b. What are the prime factors of f?
2, 3
Let b = -54 - -89. Suppose 19 = 3*s + 76. Let j = s + b. List the prime factors of j.
2
Suppose 3*h - 1244 = -u - 124, 5619 = 5*u - 4*h. What are the prime factors of u?
1123
Let s(q) = q**3 + 6*q**2 + 4*q - 5. Let j be s(-5). Suppose j*x - 208 = 4*x. Let v = x - -102. What are the prime factors of v?
2, 5
List the prime factors of 1071/34*((-192)/14)/(-4).
2, 3
Suppose -v = -5*c - 12, v - 24 = -2*v + 3*c. Let m(p) = p + 9. Let z be m(-7). List the prime factors of v - 3 - (1 - z).
5
Let n(g) be the first derivative of 2*g**2 - 32*g - 18. List the prime factors of n(14).
2, 3
Suppose -5*g = -8 - 2. Suppose 4*z + 24 = 6*c - g*c, z = -4. Suppose c*h = 27 + 27. List the prime factors of h.
3
Let z = 14 + -5. Let u(p) = 5*p + 17. Let n(t) = -14*t - 51. Let k(h) = -4*n(h) - 11*u(h). What are the prime factors of k(z)?
2, 13
Suppose 7*p - 15427 - 30906 = 0. What are the prime factors of p?
6619
Suppose -2*f = -a + 4*a - 31, 4*a + 20 = 5*f. Suppose -4*h = -f*u + 4*u - 56, -5*h = 5. Let y = 23 + u. What are the prime factors of y?
2
Let l(p) = -45*p - 57. List the prime factors of l(-8).
3, 101
Suppose 3 = v - 15. Let r(b) = -b**3 + 3*b**2 + 2*b. Let f be r(-2). Let s = v - f. What are the prime factors of s?
2
Let m be 49/5 - 3/(-15). Suppose -m*f = -15*f + 1370. List the prime factors of f.
2, 137
Suppose -4*i + 10 = -2. Suppose 3*h = m - i - 10, -5 = -5*h. Let x = m + 23. What are the prime factors of x?
3, 13
Suppose 0 = 62*i + 13709 - 52211. List the prime factors of i.
3, 23
Let j be (-8)/(-12) - 3/(-18)*-4. Let o(d) = 4*d + 125. What are the prime factors of o(j)?
5
Let f(y) = -y**2 + 47*y + 116. List the prime factors of f(44).
2, 31
Suppose -3*g = 4*f - 650, 0 = 4*g + 2*f + 3*f - 867. Suppose -8*a - g = -1130. List the prime factors of a.
2, 3, 19
Let v(y) = -10*y + 51. Let l be v(-10). Suppose -7*m = l - 550. List the prime factors of m.
3, 19
Suppose -37*i + 31*i = -16764. What are the prime factors of i?
2, 11, 127
Suppose 10 = 4*l - 10. Suppose l*f + 3*p = -265, 4*p = f + 22 + 8. Let c = -31 - f. What are the prime factors of c?
19
Suppose -18*q = -19*q + 99. Let h = q - 37. What are the prime factors of h?
2, 31
Suppose 706 + 344 = 10*d. Suppose 8*c = x + 3*c - d, -2*x + 189 = -3*c. List the prime factors of x.
2, 3, 5
Suppose -3*l = -9 - 9. Suppose 5*y + l*a - 545 = a, -a - 1 = 0. Suppose 2*p = -3*p + y. What are the prime factors of p?
2, 11
Let n = -92 + 83. Let l(a) = -24*a - 50. What are the prime factors of l(n)?
2, 83
Let w = -1487 - -2217. List the prime factors of w.
2, 5, 73
Let l = 2790 + -1679. What are the prime factors of l?
11, 101
Let b be 2/5 + (-108)/(-30). Suppose -b*v = -4*p - 3 - 45, 0 = 2*v - 4*p - 20. Suppose -s + 2*w + v = 2, -49 = -5*s - w. List the prime factors of s.
2, 5
Let y = 3012 - 779. List the prime factors of y.
7, 11, 29
Let x = -17 + 13. Let k be (-10)/x*(-272)/(-20). Suppose 0 = -3*r + 4*q + k, 4*r - 39 = -4*q + 3*q. List the prime factors of r.
2, 5
Suppose 466*j = 489*j - 102396. List the prime factors of j.
2, 3, 7, 53
Let c = 4 + 6. Let z = c - -48. What are the prime factors of z?
2, 29
Let m(x) = x**3 - 2*x**2 - x - 4. Let c be m(3). Suppose -3*a - 8 - 1 = 0, -c*w = 5*a - 213. List the prime factors of (-16)/56 - w/(-7).
2
Let i be 1 + (1 - (1 + -4)). Suppose -254 = -5*u + 2*x, -i*u - 4*x + 110 = -162. List the prime factors of u.
2, 13
Let l(a) = -5*a + 12. Let i be l(4). Let j = 23 + i. List the prime factors of j.
3, 5
Suppose -3*w + d + 24 = 4*d, 8 = -3*w + 5*d. Suppose 223 = w*m + m + b, 3*b = 4*m - 186. What are the prime factors of m?
3, 5
Let v(u) be the first derivative of 9*u**4/2 + 5*u**2/2 - 3*u + 27. What are the prime factors of v(2)?
151
Let o(p) = 10*p**2 + 7*p - 356. What are the prime factors of o(-18)?
2, 7, 197
Suppose 34*y - 26*y - 2208 = 0. List the prime factors of y.
2, 3, 23
Suppose 7*z - 2246 = -531. Suppose -5*w + z = 3*m, -w + m + 58 - 9 = 0. Suppose 4*u = 103 + w. What are the prime factors of u?
2, 19
Suppose 0 = -3*z + 7*z - 16, 0 = -4*r + z + 12. Suppose 5*a + x - 136 = -0*x, 111 = r*a + 3*x. Suppose 4*c - 7*c + a = 0. What are the prime factors of c?
3
Let g = 225 - 284. Let m be ((-8)/(-6))/(2/(-60)). Let k = m - g. List the prime factors of k.
19
Let j = -165 + 75. Let a = -65 - j. List the prime factors of a.
5
Let k(i) = i**2 - 7*i - 5. Let x be k(8). Let z = x - 2. List the prime factors of 52/(-4)*z/(-1).
13
Let l be 2/4 + (-15)/10. What are the prime factors of (l/(-2))/(11/506)?
23
Let f be ((-4)/(-6))/(6/(-27)). Let s be f - 2*-3 - -2. Suppose -4*j + 0 = -y + 39, s*y - 127 = 3*j. List the prime factors of y.
23
Suppose 0 = 3*m - 4*h + 3, m - 12 = 2*h - 5*h. Suppose m*d - 89 = -5*x, 2*d + 32 = 2*x + 6. What are the prime factors of x?
2
List the prime factors of -3 - (2 + 5 - 8)*1709.
2, 853
Suppose -140*q - 3200 = -145*q. What are the prime factors of q?
2, 5
List the prime factors of (-14 - -8)/((-18)/1560).
2, 5, 13
Suppose -5*a - 14 = -4. Let w be (35/(-2))/7*a. Let o(j) = 12*j - 12. What are the prime factors of o(w)?
2, 3
Let z = -522 + 988. What are the prime factors of z?
2, 233
Let j(i) = 24*i - 32. Let r be j(9). Suppose -13*k + 11*k + r = 0. What are the prime factors of k?
2, 23
Suppose -d = -g + 3 - 0, -4*d = 4*g + 12. Suppose -5*u + 699 + 36 = g. What are the prime factors of u?
3, 7
Suppose -4*v = 3 - 19. What are the prime factors of 49 - ((-8)/v - -4)?
47
Let o(x) be the second derivative of x**5/20 - 2*x**4/3 + x**3 - 3*x**2 + 6*x. List the prime factors of o(9).
3, 43
Let l(z) = z**2 + 3*z + 6. Let a(c) = c - 3. Let 